{"id":759,"date":"2020-08-08T21:05:24","date_gmt":"2020-08-08T19:05:24","guid":{"rendered":"http:\/\/www.pikniknauki.ur.edu.pl\/?page_id=759"},"modified":"2022-07-31T19:15:46","modified_gmt":"2022-07-31T17:15:46","slug":"pne-2021v2","status":"publish","type":"page","link":"https:\/\/www.pikniknauki.ur.edu.pl\/index.php\/pne-2021v2\/","title":{"rendered":"PNE 2021"},"content":{"rendered":"<p><img loading=\"lazy\" decoding=\"async\" class=\"alignnone size-full wp-image-1056\" src=\"https:\/\/www.pikniknauki.ur.edu.pl\/wp-content\/uploads\/2022\/02\/nag\u0142\u00f3wek-pisma.jpg\" alt=\"\" width=\"1921\" height=\"451\" srcset=\"https:\/\/www.pikniknauki.ur.edu.pl\/wp-content\/uploads\/2022\/02\/nag\u0142\u00f3wek-pisma.jpg 1921w, https:\/\/www.pikniknauki.ur.edu.pl\/wp-content\/uploads\/2022\/02\/nag\u0142\u00f3wek-pisma-300x70.jpg 300w, https:\/\/www.pikniknauki.ur.edu.pl\/wp-content\/uploads\/2022\/02\/nag\u0142\u00f3wek-pisma-768x180.jpg 768w, https:\/\/www.pikniknauki.ur.edu.pl\/wp-content\/uploads\/2022\/02\/nag\u0142\u00f3wek-pisma-1024x240.jpg 1024w, https:\/\/www.pikniknauki.ur.edu.pl\/wp-content\/uploads\/2022\/02\/nag\u0142\u00f3wek-pisma-960x225.jpg 960w\" sizes=\"auto, (max-width: 1921px) 100vw, 1921px\" \/><\/p>\n<p style=\"text-align: justify;\">Piknik Nauki <strong>EKSPLORACJE 2021 <\/strong>to wyj\u0105tkowe wydarzenie, kt\u00f3rego atrakcyjne pokazy, intryguj\u0105ce warsztaty, wyk\u0142ady oraz prezentacje odby\u0142y si\u0119 od 8 do 10 pa\u017adziernika w kilku lokalizacjach w Rzeszowie i Jasionce. Wydarzenie podzielone by\u0142o na trzy cz\u0119\u015bci: dwie tematyczne \u201e<a href=\"https:\/\/www.pikniknauki.ur.edu.pl\/index.php\/pne-2021-czesc-1\/\">Lotniczy Pi\u0105tek<\/a>\u201d i \u201e<a href=\"https:\/\/www.pikniknauki.ur.edu.pl\/index.php\/pne2021-czesc-3\/\">Medyczn\u0105 Niedziel\u0119<\/a>\u201d oraz g\u0142\u00f3wna, interdyscyplinarn\u0105 cze\u015b\u0107 pod nazw\u0105 \u201e<a href=\"https:\/\/www.pikniknauki.ur.edu.pl\/index.php\/pne2021-czesc-2\/\">Sobota Pe\u0142na Wra\u017ce\u0144<\/a>\u201d.<\/p>\n<p style=\"text-align: justify;\">Wszystkie zrealizowane przez trzy dni dzia\u0142ania podj\u0119te w ramach wydarzenia trwa\u0142y \u0142\u0105cznie 15 godzin. Na potrzeby Pikniku zbudowano w centrum miasta namiotowe miasteczko nauki o powierzchni ponad 1000 m2 \u201epod dachem\u201d. Pokazami, warsztatami i wyk\u0142adami zajmowa\u0142o si\u0119 prawie 400 edukator\u00f3w, wyk\u0142adowc\u00f3w, animator\u00f3w, nauczycieli, student\u00f3w, uczni\u00f3w i wolontariuszy z 70 instytucji i organizacji z regionu, Polski i z zagranicy. Na rzecz Pikniku przez wiele dni pracowa\u0142o tak\u017ce kilkadziesi\u0105t os\u00f3b s\u0142u\u017cb technicznych, informacyjnych i obs\u0142uguj\u0105cych wydarzenie i jego realizacj\u0119. Uda\u0142o si\u0119\u2026 wy\u015bmienicie!<\/p>\n<p style=\"text-align: center;\"><strong>Zobacz co wydarzy\u0142o si\u0119 w ka\u017cdym dniu:<\/strong><\/p>\n<p><a href=\"https:\/\/www.pikniknauki.ur.edu.pl\/index.php\/pne-2021-czesc-1\/\"><img loading=\"lazy\" decoding=\"async\" class=\"alignnone wp-image-859\" src=\"https:\/\/www.pikniknauki.ur.edu.pl\/wp-content\/uploads\/2021\/10\/Lotniczy-pi\u0105tek.png\" alt=\"\" width=\"1715\" height=\"252\" srcset=\"https:\/\/www.pikniknauki.ur.edu.pl\/wp-content\/uploads\/2021\/10\/Lotniczy-pi\u0105tek.png 1715w, https:\/\/www.pikniknauki.ur.edu.pl\/wp-content\/uploads\/2021\/10\/Lotniczy-pi\u0105tek-300x44.png 300w, https:\/\/www.pikniknauki.ur.edu.pl\/wp-content\/uploads\/2021\/10\/Lotniczy-pi\u0105tek-768x113.png 768w, https:\/\/www.pikniknauki.ur.edu.pl\/wp-content\/uploads\/2021\/10\/Lotniczy-pi\u0105tek-1024x150.png 1024w, https:\/\/www.pikniknauki.ur.edu.pl\/wp-content\/uploads\/2021\/10\/Lotniczy-pi\u0105tek-960x141.png 960w\" sizes=\"auto, (max-width: 1715px) 100vw, 1715px\" \/><\/a><a href=\"https:\/\/www.pikniknauki.ur.edu.pl\/index.php\/pne2021-czesc-2\/\"><img loading=\"lazy\" decoding=\"async\" class=\"alignnone wp-image-861 size-full\" src=\"https:\/\/www.pikniknauki.ur.edu.pl\/wp-content\/uploads\/2021\/10\/Sobota-pe\u0142na-wra\u017ce\u0144.png\" alt=\"\" width=\"1715\" height=\"252\" srcset=\"https:\/\/www.pikniknauki.ur.edu.pl\/wp-content\/uploads\/2021\/10\/Sobota-pe\u0142na-wra\u017ce\u0144.png 1715w, https:\/\/www.pikniknauki.ur.edu.pl\/wp-content\/uploads\/2021\/10\/Sobota-pe\u0142na-wra\u017ce\u0144-300x44.png 300w, https:\/\/www.pikniknauki.ur.edu.pl\/wp-content\/uploads\/2021\/10\/Sobota-pe\u0142na-wra\u017ce\u0144-768x113.png 768w, https:\/\/www.pikniknauki.ur.edu.pl\/wp-content\/uploads\/2021\/10\/Sobota-pe\u0142na-wra\u017ce\u0144-1024x150.png 1024w, https:\/\/www.pikniknauki.ur.edu.pl\/wp-content\/uploads\/2021\/10\/Sobota-pe\u0142na-wra\u017ce\u0144-960x141.png 960w\" sizes=\"auto, (max-width: 1715px) 100vw, 1715px\" \/><\/a><a href=\"https:\/\/www.pikniknauki.ur.edu.pl\/index.php\/pne2021-czesc-3\/\"><img loading=\"lazy\" decoding=\"async\" class=\"alignnone wp-image-860 size-full\" src=\"https:\/\/www.pikniknauki.ur.edu.pl\/wp-content\/uploads\/2021\/10\/Medyczna-niedziela.png\" alt=\"\" width=\"1715\" height=\"252\" srcset=\"https:\/\/www.pikniknauki.ur.edu.pl\/wp-content\/uploads\/2021\/10\/Medyczna-niedziela.png 1715w, https:\/\/www.pikniknauki.ur.edu.pl\/wp-content\/uploads\/2021\/10\/Medyczna-niedziela-300x44.png 300w, https:\/\/www.pikniknauki.ur.edu.pl\/wp-content\/uploads\/2021\/10\/Medyczna-niedziela-768x113.png 768w, https:\/\/www.pikniknauki.ur.edu.pl\/wp-content\/uploads\/2021\/10\/Medyczna-niedziela-1024x150.png 1024w, https:\/\/www.pikniknauki.ur.edu.pl\/wp-content\/uploads\/2021\/10\/Medyczna-niedziela-960x141.png 960w\" sizes=\"auto, (max-width: 1715px) 100vw, 1715px\" \/><\/a><\/p>\n<hr \/>\n<h3 style=\"text-align: center;\"><strong>WOJEW\u00d3DZTWO PODKARPACKIE - PARTNER<br \/>\nTutaj odb\u0119dzie si\u0119 Piknik<\/strong><\/h3>\n<p style=\"text-align: center;\"><iframe loading=\"lazy\" title=\"YouTube video player\" src=\"https:\/\/www.youtube.com\/embed\/oLmertgbmWM\" width=\"560\" height=\"315\" frameborder=\"0\" allowfullscreen=\"allowfullscreen\"><\/iframe><\/p>\n<p style=\"text-align: center;\">Odkryj najwi\u0119ksze atrakcje Podkarpackiego! Wejd\u017a na stron\u0119 <a href=\"http:\/\/www.podkarpackie.eu\/\">www.podkarpackie.eu<\/a> i obserwuj profil <a href=\"https:\/\/www.facebook.com\/podkarpackie.przestrzen.otwarta\">@Podkarpackie<\/a>.<\/p>\n<hr \/>\n<p><img loading=\"lazy\" decoding=\"async\" class=\"alignnone size-full wp-image-931\" src=\"https:\/\/www.pikniknauki.ur.edu.pl\/wp-content\/uploads\/2021\/11\/logotypy-wszystkie.jpg\" alt=\"\" width=\"2482\" height=\"1754\" srcset=\"https:\/\/www.pikniknauki.ur.edu.pl\/wp-content\/uploads\/2021\/11\/logotypy-wszystkie.jpg 2482w, https:\/\/www.pikniknauki.ur.edu.pl\/wp-content\/uploads\/2021\/11\/logotypy-wszystkie-300x212.jpg 300w, https:\/\/www.pikniknauki.ur.edu.pl\/wp-content\/uploads\/2021\/11\/logotypy-wszystkie-768x543.jpg 768w, https:\/\/www.pikniknauki.ur.edu.pl\/wp-content\/uploads\/2021\/11\/logotypy-wszystkie-1024x724.jpg 1024w, https:\/\/www.pikniknauki.ur.edu.pl\/wp-content\/uploads\/2021\/11\/logotypy-wszystkie-960x678.jpg 960w\" sizes=\"auto, (max-width: 2482px) 100vw, 2482px\" \/><\/p>\n","protected":false},"excerpt":{"rendered":"<p>Piknik Nauki EKSPLORACJE 2021 to wyj\u0105tkowe wydarzenie, kt\u00f3rego atrakcyjne pokazy, intryguj\u0105ce warsztaty, wyk\u0142ady oraz prezentacje odby\u0142y si\u0119 od 8 do 10 pa\u017adziernika w kilku lokalizacjach w Rzeszowie i Jasionce. Wydarzenie podzielone by\u0142o na trzy cz\u0119\u015bci: dwie tematyczne \u201eLotniczy Pi\u0105tek\u201d i \u201eMedyczn\u0105 Niedziel\u0119\u201d oraz g\u0142\u00f3wna, interdyscyplinarn\u0105 cze\u015b\u0107 pod nazw\u0105 \u201eSobota Pe\u0142na Wra\u017ce\u0144\u201d. Wszystkie zrealizowane przez trzy <a href=\"https:\/\/www.pikniknauki.ur.edu.pl\/index.php\/pne-2021v2\/\" class=\"more-link\">Czytaj dalej...<span class=\"screen-reader-text\"> \"PNE 2021\"<\/span><\/a><\/p>\n","protected":false},"author":1,"featured_media":0,"parent":0,"menu_order":0,"comment_status":"closed","ping_status":"closed","template":"page-templates\/full-width.php","meta":{"footnotes":""},"class_list":["post-759","page","type-page","status-publish","h-entry","hentry","h-as-page"],"_links":{"self":[{"href":"https:\/\/www.pikniknauki.ur.edu.pl\/index.php\/wp-json\/wp\/v2\/pages\/759","targetHints":{"allow":["GET"]}}],"collection":[{"href":"https:\/\/www.pikniknauki.ur.edu.pl\/index.php\/wp-json\/wp\/v2\/pages"}],"about":[{"href":"https:\/\/www.pikniknauki.ur.edu.pl\/index.php\/wp-json\/wp\/v2\/types\/page"}],"author":[{"embeddable":true,"href":"https:\/\/www.pikniknauki.ur.edu.pl\/index.php\/wp-json\/wp\/v2\/users\/1"}],"replies":[{"embeddable":true,"href":"https:\/\/www.pikniknauki.ur.edu.pl\/index.php\/wp-json\/wp\/v2\/comments?post=759"}],"version-history":[{"count":46,"href":"https:\/\/www.pikniknauki.ur.edu.pl\/index.php\/wp-json\/wp\/v2\/pages\/759\/revisions"}],"predecessor-version":[{"id":1368,"href":"https:\/\/www.pikniknauki.ur.edu.pl\/index.php\/wp-json\/wp\/v2\/pages\/759\/revisions\/1368"}],"wp:attachment":[{"href":"https:\/\/www.pikniknauki.ur.edu.pl\/index.php\/wp-json\/wp\/v2\/media?parent=759"}],"curies":[{"name":"wp","href":"https:\/\/api.w.org\/{rel}","templated":true}]}}