{"id":1388,"date":"2022-08-07T17:09:43","date_gmt":"2022-08-07T15:09:43","guid":{"rendered":"http:\/\/www.pikniknauki.ur.edu.pl\/?page_id=1388"},"modified":"2022-08-07T17:09:43","modified_gmt":"2022-08-07T15:09:43","slug":"lista-uczestnikow-e-pne2020","status":"publish","type":"page","link":"https:\/\/www.pikniknauki.ur.edu.pl\/index.php\/lista-uczestnikow-e-pne2020\/","title":{"rendered":"Lista uczestnik\u00f3w e-PNE2020"},"content":{"rendered":"<p><img loading=\"lazy\" decoding=\"async\" class=\"alignnone size-full wp-image-1315\" src=\"https:\/\/www.pikniknauki.ur.edu.pl\/wp-content\/uploads\/2022\/07\/E-PIKNIK-CP-grupa-niski.jpg\" alt=\"\" width=\"1921\" height=\"618\" srcset=\"https:\/\/www.pikniknauki.ur.edu.pl\/wp-content\/uploads\/2022\/07\/E-PIKNIK-CP-grupa-niski.jpg 1921w, https:\/\/www.pikniknauki.ur.edu.pl\/wp-content\/uploads\/2022\/07\/E-PIKNIK-CP-grupa-niski-300x97.jpg 300w, https:\/\/www.pikniknauki.ur.edu.pl\/wp-content\/uploads\/2022\/07\/E-PIKNIK-CP-grupa-niski-1024x329.jpg 1024w, https:\/\/www.pikniknauki.ur.edu.pl\/wp-content\/uploads\/2022\/07\/E-PIKNIK-CP-grupa-niski-768x247.jpg 768w, https:\/\/www.pikniknauki.ur.edu.pl\/wp-content\/uploads\/2022\/07\/E-PIKNIK-CP-grupa-niski-1536x494.jpg 1536w, https:\/\/www.pikniknauki.ur.edu.pl\/wp-content\/uploads\/2022\/07\/E-PIKNIK-CP-grupa-niski-960x309.jpg 960w\" sizes=\"auto, (max-width: 1921px) 100vw, 1921px\" \/><\/p>\n<table style=\"height: 1115px;\" width=\"828\">\n<tbody>\n<tr>\n<td width=\"26\">\n<p style=\"text-align: center;\">1<\/p>\n<\/td>\n<td width=\"592\">Centrum Edukacji Lotniczej Krak\u00f3w-Airport<\/td>\n<\/tr>\n<tr>\n<td width=\"26\">\n<p style=\"text-align: center;\">2<\/p>\n<\/td>\n<td width=\"592\">Energetyczne Centrum Nauki w Kielcach<\/td>\n<\/tr>\n<tr>\n<td width=\"26\">\n<p style=\"text-align: center;\">3<\/p>\n<\/td>\n<td width=\"592\">Fundacja Imperium Techniki im. Nikoli Tesli<\/td>\n<\/tr>\n<tr>\n<td width=\"26\">\n<p style=\"text-align: center;\">4<\/p>\n<\/td>\n<td width=\"592\">Heweliusze Nauki<\/td>\n<\/tr>\n<tr>\n<td width=\"26\">\n<p style=\"text-align: center;\">5<\/p>\n<\/td>\n<td width=\"592\">M\u0105dry Dzieciak<\/td>\n<\/tr>\n<tr>\n<td width=\"26\">\n<p style=\"text-align: center;\">6<\/p>\n<\/td>\n<td width=\"592\">Medyczno-Spo\u0142eczne Centrum Kszta\u0142cenia Zawodowego i Ustawicznego<\/td>\n<\/tr>\n<tr>\n<td width=\"26\">\n<p style=\"text-align: center;\">7<\/p>\n<\/td>\n<td width=\"592\">M\u0142odzie\u017cowe Obserwatorium Astronomiczne w Niepo\u0142omicach<\/td>\n<\/tr>\n<tr>\n<td width=\"26\">\n<p style=\"text-align: center;\">8<\/p>\n<\/td>\n<td width=\"592\">Muzeum Uniwersytetu Jagiello\u0144skiego Collegium Maius<\/td>\n<\/tr>\n<tr>\n<td width=\"26\">\n<p style=\"text-align: center;\">9<\/p>\n<\/td>\n<td width=\"592\">Narodowe Muzeum Techniki w Warszawie<\/td>\n<\/tr>\n<tr>\n<td width=\"26\">\n<p style=\"text-align: center;\">10<\/p>\n<\/td>\n<td width=\"592\">Obserwatorium Astronomiczne w Radomy\u015blu Wlk.<\/td>\n<\/tr>\n<tr>\n<td width=\"26\">\n<p style=\"text-align: center;\">11<\/p>\n<\/td>\n<td width=\"592\">Park Nauki Torus w Ciechanowie<\/td>\n<\/tr>\n<tr>\n<td width=\"26\">\n<p style=\"text-align: center;\">12<\/p>\n<\/td>\n<td width=\"592\">Stowarzyszenie EKOSKOP<\/td>\n<\/tr>\n<tr>\n<td width=\"26\">\n<p style=\"text-align: center;\">13<\/p>\n<\/td>\n<td width=\"592\">Stowarzyszenie ExploRes<\/td>\n<\/tr>\n<tr>\n<td width=\"26\">\n<p style=\"text-align: center;\">14<\/p>\n<\/td>\n<td width=\"592\">Uniwersytet Rzeszowski \u2013 wystawa Eksploratorium<\/td>\n<\/tr>\n<tr>\n<td width=\"26\">\n<p style=\"text-align: center;\">15<\/p>\n<\/td>\n<td width=\"592\">Zesp\u00f3\u0142 Szk\u00f3\u0142 Technicznych im. E. Kwiatkowskiego w Rzeszowie<\/td>\n<\/tr>\n<\/tbody>\n<\/table>\n","protected":false},"excerpt":{"rendered":"<p>1 Centrum Edukacji Lotniczej Krak\u00f3w-Airport 2 Energetyczne Centrum Nauki w Kielcach 3 Fundacja Imperium Techniki im. Nikoli Tesli 4 Heweliusze Nauki 5 M\u0105dry Dzieciak 6 Medyczno-Spo\u0142eczne Centrum Kszta\u0142cenia Zawodowego i Ustawicznego 7 M\u0142odzie\u017cowe Obserwatorium Astronomiczne w Niepo\u0142omicach 8 Muzeum Uniwersytetu Jagiello\u0144skiego Collegium Maius 9 Narodowe Muzeum Techniki w Warszawie 10 Obserwatorium Astronomiczne w Radomy\u015blu Wlk. <a href=\"https:\/\/www.pikniknauki.ur.edu.pl\/index.php\/lista-uczestnikow-e-pne2020\/\" class=\"more-link\">Czytaj dalej...<span class=\"screen-reader-text\"> \"Lista uczestnik\u00f3w e-PNE2020\"<\/span><\/a><\/p>\n","protected":false},"author":1,"featured_media":0,"parent":0,"menu_order":0,"comment_status":"closed","ping_status":"closed","template":"page-templates\/full-width.php","meta":{"footnotes":""},"class_list":["post-1388","page","type-page","status-publish","h-entry","hentry","h-as-page"],"_links":{"self":[{"href":"https:\/\/www.pikniknauki.ur.edu.pl\/index.php\/wp-json\/wp\/v2\/pages\/1388","targetHints":{"allow":["GET"]}}],"collection":[{"href":"https:\/\/www.pikniknauki.ur.edu.pl\/index.php\/wp-json\/wp\/v2\/pages"}],"about":[{"href":"https:\/\/www.pikniknauki.ur.edu.pl\/index.php\/wp-json\/wp\/v2\/types\/page"}],"author":[{"embeddable":true,"href":"https:\/\/www.pikniknauki.ur.edu.pl\/index.php\/wp-json\/wp\/v2\/users\/1"}],"replies":[{"embeddable":true,"href":"https:\/\/www.pikniknauki.ur.edu.pl\/index.php\/wp-json\/wp\/v2\/comments?post=1388"}],"version-history":[{"count":1,"href":"https:\/\/www.pikniknauki.ur.edu.pl\/index.php\/wp-json\/wp\/v2\/pages\/1388\/revisions"}],"predecessor-version":[{"id":1389,"href":"https:\/\/www.pikniknauki.ur.edu.pl\/index.php\/wp-json\/wp\/v2\/pages\/1388\/revisions\/1389"}],"wp:attachment":[{"href":"https:\/\/www.pikniknauki.ur.edu.pl\/index.php\/wp-json\/wp\/v2\/media?parent=1388"}],"curies":[{"name":"wp","href":"https:\/\/api.w.org\/{rel}","templated":true}]}}