{"id":1075,"date":"2022-03-28T12:07:31","date_gmt":"2022-03-28T10:07:31","guid":{"rendered":"http:\/\/www.pikniknauki.ur.edu.pl\/?page_id=1075"},"modified":"2022-07-28T14:53:02","modified_gmt":"2022-07-28T12:53:02","slug":"lista-uczestnikow-pne-2022","status":"publish","type":"page","link":"https:\/\/www.pikniknauki.ur.edu.pl\/index.php\/historia-2010-2021\/pne-2022\/lista-uczestnikow-pne-2022\/","title":{"rendered":"Lista Uczestnik\u00f3w PNE 2022"},"content":{"rendered":"<p><img loading=\"lazy\" decoding=\"async\" class=\"alignnone size-full wp-image-1076\" src=\"https:\/\/www.pikniknauki.ur.edu.pl\/wp-content\/uploads\/2022\/03\/nag\u0142owek-PNE2022.jpg\" alt=\"\" width=\"2363\" height=\"555\" srcset=\"https:\/\/www.pikniknauki.ur.edu.pl\/wp-content\/uploads\/2022\/03\/nag\u0142owek-PNE2022.jpg 2363w, https:\/\/www.pikniknauki.ur.edu.pl\/wp-content\/uploads\/2022\/03\/nag\u0142owek-PNE2022-300x70.jpg 300w, https:\/\/www.pikniknauki.ur.edu.pl\/wp-content\/uploads\/2022\/03\/nag\u0142owek-PNE2022-768x180.jpg 768w, https:\/\/www.pikniknauki.ur.edu.pl\/wp-content\/uploads\/2022\/03\/nag\u0142owek-PNE2022-1024x241.jpg 1024w, https:\/\/www.pikniknauki.ur.edu.pl\/wp-content\/uploads\/2022\/03\/nag\u0142owek-PNE2022-960x225.jpg 960w\" sizes=\"auto, (max-width: 2363px) 100vw, 2363px\" \/><\/p>\n<table style=\"height: 6794px;\" width=\"824\">\n<tbody>\n<tr>\n<td width=\"27\">\n<p style=\"text-align: center;\">1<\/p>\n<\/td>\n<td width=\"313\">Archiwum Pa\u0144stwowe w Rzeszowie<\/td>\n<\/tr>\n<tr>\n<td width=\"27\">\n<p style=\"text-align: center;\">2<\/p>\n<\/td>\n<td width=\"313\">BioCentrum Edukacji Naukowej<\/td>\n<\/tr>\n<tr>\n<td width=\"27\">\n<p style=\"text-align: center;\">3<\/p>\n<\/td>\n<td width=\"313\">Centralne Wojskowe Centrum Rekrutacji - Oddzia\u0142 w Rzeszowie<\/td>\n<\/tr>\n<tr>\n<td width=\"27\">\n<p style=\"text-align: center;\">4<\/p>\n<\/td>\n<td width=\"313\">Centrum Edukacji Lotniczej Krak\u00f3w Airport<\/td>\n<\/tr>\n<tr>\n<td width=\"27\">\n<p style=\"text-align: center;\">5<\/p>\n<\/td>\n<td width=\"313\">Centrum Kszta\u0142cenia Praktycznego i Doskonalenia Nauczycieli w Mielcu<\/td>\n<\/tr>\n<tr>\n<td width=\"27\">\n<p style=\"text-align: center;\">6<\/p>\n<\/td>\n<td width=\"313\">DPS Software Sp. z o.o.<\/td>\n<\/tr>\n<tr>\n<td width=\"27\">\n<p style=\"text-align: center;\">7<\/p>\n<\/td>\n<td width=\"313\">Fundacja Koi Koi<\/td>\n<\/tr>\n<tr>\n<td width=\"27\">\n<p style=\"text-align: center;\">8<\/p>\n<\/td>\n<td width=\"313\">Fundacja Wspierania Edukacji przy Stowarzyszeniu Dolina Lotnicza<\/td>\n<\/tr>\n<tr>\n<td width=\"27\">\n<p style=\"text-align: center;\">9<\/p>\n<\/td>\n<td width=\"313\">Grupa Rekonstrukcji Historycznej Terra Ferrata<\/td>\n<\/tr>\n<tr>\n<td width=\"27\">\n<p style=\"text-align: center;\">10<\/p>\n<\/td>\n<td width=\"313\">Harcerski Klub Ekologiczny 21 Hufca ZHP<\/td>\n<\/tr>\n<tr>\n<td width=\"27\">\n<p style=\"text-align: center;\">11<\/p>\n<\/td>\n<td width=\"313\">I Liceum Og\u00f3lnokszta\u0142c\u0105ce im. ks. Stanis\u0142awa Konarskiego w Rzeszowie<\/td>\n<\/tr>\n<tr>\n<td width=\"27\">\n<p style=\"text-align: center;\">12<\/p>\n<\/td>\n<td width=\"313\">Lekkie Pojazdy Elektryczne - electricall.pl<\/td>\n<\/tr>\n<tr>\n<td width=\"27\">\n<p style=\"text-align: center;\">13<\/p>\n<\/td>\n<td width=\"313\">Logic Gate Sp. Z o.o.<\/td>\n<\/tr>\n<tr>\n<td width=\"27\">\n<p style=\"text-align: center;\">14<\/p>\n<\/td>\n<td width=\"313\">Ma\u0142a Akademia Nauk Ukrainy w Kijowie<\/td>\n<\/tr>\n<tr>\n<td width=\"27\">\n<p style=\"text-align: center;\">15<\/p>\n<\/td>\n<td width=\"313\">M\u0105dry Dzieciak<\/td>\n<\/tr>\n<tr>\n<td width=\"27\">\n<p style=\"text-align: center;\">16<\/p>\n<\/td>\n<td width=\"313\">Medyczno-Spo\u0142eczne Centrum Kszta\u0142cenia Zawodowego i Ustawicznego<\/td>\n<\/tr>\n<tr>\n<td width=\"27\">\n<p style=\"text-align: center;\">17<\/p>\n<\/td>\n<td width=\"313\">Metkom Sp. z o.o.<\/td>\n<\/tr>\n<tr>\n<td width=\"27\">\n<p style=\"text-align: center;\">18<\/p>\n<\/td>\n<td width=\"313\">Mi\u0119dzynarodowe Stowarzyszenie Student\u00f3w Medycyny IFMSA<\/td>\n<\/tr>\n<tr>\n<td width=\"27\">\n<p style=\"text-align: center;\">19<\/p>\n<\/td>\n<td width=\"313\">Muzeum Przemys\u0142u Naftowego i Gazowniczego im. Ignacego \u0141ukasiewicza<\/td>\n<\/tr>\n<tr>\n<td width=\"27\">\n<p style=\"text-align: center;\">20<\/p>\n<\/td>\n<td width=\"313\">Muzeum Regionalne w Stalowej Woli<\/td>\n<\/tr>\n<tr>\n<td width=\"27\">\n<p style=\"text-align: center;\">21<\/p>\n<\/td>\n<td width=\"313\">Muzeum Uniwersytetu Jagiello\u0144skiego<\/td>\n<\/tr>\n<tr>\n<td width=\"27\">\n<p style=\"text-align: center;\">22<\/p>\n<\/td>\n<td width=\"313\">Narodowe Muzeum Techniki w Warszawie<\/td>\n<\/tr>\n<tr>\n<td width=\"27\">\n<p style=\"text-align: center;\">23<\/p>\n<\/td>\n<td width=\"313\">Obserwatorium Astronomiczne w Radomy\u015blu Wlk.<\/td>\n<\/tr>\n<tr>\n<td width=\"27\">\n<p style=\"text-align: center;\">24<\/p>\n<\/td>\n<td width=\"313\">Podkarpackie Centrum Innowacji Sp. z o.o.<\/td>\n<\/tr>\n<tr>\n<td width=\"27\">\n<p style=\"text-align: center;\">25<\/p>\n<\/td>\n<td width=\"313\">Podkarpackie Centrum Nauki \u201e\u0141ukasiewicz\u201d<\/td>\n<\/tr>\n<tr>\n<td width=\"27\">\n<p style=\"text-align: center;\">26<\/p>\n<\/td>\n<td width=\"313\">Powiatowa Stacja Sanitarno-Epidemiologiczna<\/td>\n<\/tr>\n<tr>\n<td width=\"27\">\n<p style=\"text-align: center;\">27<\/p>\n<\/td>\n<td width=\"313\">Pracownia Bada\u0144 i Edukacji Historycznej<\/td>\n<\/tr>\n<tr>\n<td width=\"27\">\n<p style=\"text-align: center;\">28<\/p>\n<\/td>\n<td width=\"313\">PRz - EUROAVIA Rzesz\u00f3w<\/td>\n<\/tr>\n<tr>\n<td width=\"27\">\n<p style=\"text-align: center;\">29<\/p>\n<\/td>\n<td width=\"313\">PRz - Ko\u0142o Naukowe ,,PRzeTw\u00f3rcy\u2019\u2019<\/td>\n<\/tr>\n<tr>\n<td width=\"27\">\n<p style=\"text-align: center;\">30<\/p>\n<\/td>\n<td width=\"313\">PRz - Ko\u0142o Naukowe Drogowc\u00f3w<\/td>\n<\/tr>\n<tr>\n<td width=\"27\">\n<p style=\"text-align: center;\">31<\/p>\n<\/td>\n<td width=\"313\">PRz - Ko\u0142o Naukowe Geodet\u00f3w Glob<\/td>\n<\/tr>\n<tr>\n<td width=\"27\">\n<p style=\"text-align: center;\">32<\/p>\n<\/td>\n<td width=\"313\">PRz - Ko\u0142o Naukowe Informatyk\u00f3w \u201eKOD\u201d<\/td>\n<\/tr>\n<tr>\n<td width=\"27\">\n<p style=\"text-align: center;\">33<\/p>\n<\/td>\n<td width=\"313\">PRz - Ko\u0142o Naukowe In\u017cynierii Materia\u0142owej \u2013 AMSA<\/td>\n<\/tr>\n<tr>\n<td width=\"27\">\n<p style=\"text-align: center;\">34<\/p>\n<\/td>\n<td width=\"313\">PRz - Ko\u0142o Naukowe In\u017cynierii \u015arodowiska<\/td>\n<\/tr>\n<tr>\n<td width=\"27\">\n<p style=\"text-align: center;\">35<\/p>\n<\/td>\n<td width=\"313\">PRz - Ko\u0142o Naukowe Kosmonautyki<\/td>\n<\/tr>\n<tr>\n<td width=\"27\">\n<p style=\"text-align: center;\">36<\/p>\n<\/td>\n<td width=\"313\">PRz - Ko\u0142o Naukowe Student\u00f3w Chemii Esprit<\/td>\n<\/tr>\n<tr>\n<td width=\"27\">\n<p style=\"text-align: center;\">37<\/p>\n<\/td>\n<td width=\"313\">PRz - Ko\u0142o Naukowe Student\u00f3w HVAC<\/td>\n<\/tr>\n<tr>\n<td width=\"27\">\n<p style=\"text-align: center;\">38<\/p>\n<\/td>\n<td width=\"313\">PRz - Legendary Rover Team<\/td>\n<\/tr>\n<tr>\n<td width=\"27\">\n<p style=\"text-align: center;\">39<\/p>\n<\/td>\n<td width=\"313\">PRz - Rzeszowska Grupa IT (KN ROBO i KN EiTI)<\/td>\n<\/tr>\n<tr>\n<td width=\"27\">\n<p style=\"text-align: center;\">40<\/p>\n<\/td>\n<td width=\"313\">PRz - Studenckie Ko\u0142o Naukowe Formu\u0142a Student<\/td>\n<\/tr>\n<tr>\n<td width=\"27\">\n<p style=\"text-align: center;\">41<\/p>\n<\/td>\n<td width=\"313\">PRz \u2013 Wydzia\u0142 Budowy Maszyn i Lotnictwa<\/td>\n<\/tr>\n<tr>\n<td width=\"27\">\n<p style=\"text-align: center;\">42<\/p>\n<\/td>\n<td width=\"313\">Regionalna Dyrekcja Las\u00f3w Pa\u0144stwowych w Kro\u015bnie - Nadle\u015bnictwo Tuszyma<\/td>\n<\/tr>\n<tr>\n<td width=\"27\">\n<p style=\"text-align: center;\">43<\/p>\n<\/td>\n<td width=\"313\">Stowarzyszenie EKOSKOP<\/td>\n<\/tr>\n<tr>\n<td width=\"27\">\n<p style=\"text-align: center;\">44<\/p>\n<\/td>\n<td width=\"313\">Stowarzyszenie Pedagog\u00f3w i Animator\u00f3w Klanza<\/td>\n<\/tr>\n<tr>\n<td width=\"27\">\n<p style=\"text-align: center;\">45<\/p>\n<\/td>\n<td width=\"313\">Stowarzyszenie Projekt\u00f3w Mi\u0119dzynarodowych INPRO<\/td>\n<\/tr>\n<tr>\n<td width=\"27\">\n<p style=\"text-align: center;\">46<\/p>\n<\/td>\n<td width=\"313\">Stowarzyszenie Upowszechniania Wiedzy ExploRes<\/td>\n<\/tr>\n<tr>\n<td width=\"27\">\n<p style=\"text-align: center;\">47<\/p>\n<\/td>\n<td width=\"313\">Szczep Dru\u017cyn Harcerzy i Harcerek \u201c\u017buawi\u201d im. Signi 1863<\/td>\n<\/tr>\n<tr>\n<td width=\"27\">\n<p style=\"text-align: center;\">48<\/p>\n<\/td>\n<td width=\"313\">Szko\u0142a Podstawowa nr 3 w Nisku - KMO Delta3<\/td>\n<\/tr>\n<tr>\n<td width=\"27\">\n<p style=\"text-align: center;\">49<\/p>\n<\/td>\n<td width=\"313\">Szko\u0142a Podstawowa nr 5 w Nisku - KMO da Vinci<\/td>\n<\/tr>\n<tr>\n<td width=\"27\">\n<p style=\"text-align: center;\">50<\/p>\n<\/td>\n<td width=\"313\">Szko\u0142a Podstawowa w Ka\u0144czudze - KMO Atomki i KMO Atomki<\/td>\n<\/tr>\n<tr>\n<td width=\"27\">\n<p style=\"text-align: center;\">51<\/p>\n<\/td>\n<td width=\"313\">UR - Anatomiczne Ko\u0142o Naukowe<\/td>\n<\/tr>\n<tr>\n<td width=\"27\">\n<p style=\"text-align: center;\">52<\/p>\n<\/td>\n<td width=\"313\">UR - English Division Science Club<\/td>\n<\/tr>\n<tr>\n<td width=\"27\">\n<p style=\"text-align: center;\">53<\/p>\n<\/td>\n<td width=\"313\">UR - Histologiczne Ko\u0142o Naukowe<\/td>\n<\/tr>\n<tr>\n<td width=\"27\">\n<p style=\"text-align: center;\">54<\/p>\n<\/td>\n<td width=\"313\">UR - Instytut Biologii i Biotechnologii<\/td>\n<\/tr>\n<tr>\n<td width=\"27\">\n<p style=\"text-align: center;\">55<\/p>\n<\/td>\n<td width=\"313\">UR - Instytut Nauk Medycznych<\/td>\n<\/tr>\n<tr>\n<td width=\"27\">\n<p style=\"text-align: center;\">56<\/p>\n<\/td>\n<td width=\"313\">UR - Instytut Nauk Rolniczych, Ochrony i Kszta\u0142towania \u015arodowiska<\/td>\n<\/tr>\n<tr>\n<td width=\"27\">\n<p style=\"text-align: center;\">57<\/p>\n<\/td>\n<td width=\"313\">UR - Instytut Technologii \u017bywno\u015bci i \u017bywienia<\/td>\n<\/tr>\n<tr>\n<td width=\"27\">\n<p style=\"text-align: center;\">58<\/p>\n<\/td>\n<td width=\"313\">UR - Ko\u0142o Fotograficzne \"LENS\"<\/td>\n<\/tr>\n<tr>\n<td width=\"27\">\n<p style=\"text-align: center;\">59<\/p>\n<\/td>\n<td width=\"313\">UR - Ko\u0142o Immunologii<\/td>\n<\/tr>\n<tr>\n<td width=\"27\">\n<p style=\"text-align: center;\">60<\/p>\n<\/td>\n<td width=\"313\">UR - Ko\u0142o Naukowe \"Bio-Tech\"<\/td>\n<\/tr>\n<tr>\n<td width=\"27\">\n<p style=\"text-align: center;\">61<\/p>\n<\/td>\n<td width=\"313\">UR - Ko\u0142o Naukowe \u201cM\u0142oda Elektroradiologia\u201d<\/td>\n<\/tr>\n<tr>\n<td width=\"27\">\n<p style=\"text-align: center;\">62<\/p>\n<\/td>\n<td width=\"313\">UR - Ko\u0142o Naukowe \u201eNanotechnik\u201d<\/td>\n<\/tr>\n<tr>\n<td width=\"27\">\n<p style=\"text-align: center;\">63<\/p>\n<\/td>\n<td width=\"313\">UR - Ko\u0142o Naukowe Animator\u00f3w Kultury Literackiej Dzieci<\/td>\n<\/tr>\n<tr>\n<td width=\"27\">\n<p style=\"text-align: center;\">64<\/p>\n<\/td>\n<td width=\"313\">UR - Ko\u0142o Naukowe Biochemik\u00f3w URCell<\/td>\n<\/tr>\n<tr>\n<td width=\"27\">\n<p style=\"text-align: center;\">65<\/p>\n<\/td>\n<td width=\"313\">UR - Ko\u0142o Naukowe Centrum Symulacji Medycznej<\/td>\n<\/tr>\n<tr>\n<td width=\"27\">\n<p style=\"text-align: center;\">66<\/p>\n<\/td>\n<td width=\"313\">UR - Ko\u0142o Naukowe Fizjoterapii w Neurologii FIZJOLAB<\/td>\n<\/tr>\n<tr>\n<td width=\"27\">\n<p style=\"text-align: center;\">67<\/p>\n<\/td>\n<td width=\"313\">UR - Ko\u0142o Naukowe Fizyk\u00f3w<\/td>\n<\/tr>\n<tr>\n<td width=\"27\">\n<p style=\"text-align: center;\">68<\/p>\n<\/td>\n<td width=\"313\">UR - Ko\u0142o Naukowe Lingwist\u00f3w \u201ePOLIGLOCI\u201d*<\/td>\n<\/tr>\n<tr>\n<td width=\"27\">\n<p style=\"text-align: center;\">69<\/p>\n<\/td>\n<td width=\"313\">UR - Ko\u0142o Naukowe Matematyk\u00f3w<\/td>\n<\/tr>\n<tr>\n<td width=\"27\">\n<p style=\"text-align: center;\">70<\/p>\n<\/td>\n<td width=\"313\">UR - Ko\u0142o Naukowe Po\u0142o\u017cnych*<\/td>\n<\/tr>\n<tr>\n<td width=\"27\">\n<p style=\"text-align: center;\">71<\/p>\n<\/td>\n<td width=\"313\">UR - Ko\u0142o Naukowe Przyrodnik\u00f3w<\/td>\n<\/tr>\n<tr>\n<td width=\"27\">\n<p style=\"text-align: center;\">72<\/p>\n<\/td>\n<td width=\"313\">UR - Ko\u0142o Naukowe Rolnik\u00f3w \u201eW\u0142o\u015bcianin\u201d<\/td>\n<\/tr>\n<tr>\n<td width=\"27\">\n<p style=\"text-align: center;\">73<\/p>\n<\/td>\n<td width=\"313\">UR - Ko\u0142o Naukowe Rze\u017aby \"Zapa\u0142\"<\/td>\n<\/tr>\n<tr>\n<td width=\"27\">\n<p style=\"text-align: center;\">74<\/p>\n<\/td>\n<td width=\"313\">UR - Ko\u0142o Naukowe Student\u00f3w Archeologii<\/td>\n<\/tr>\n<tr>\n<td width=\"27\">\n<p style=\"text-align: center;\">75<\/p>\n<\/td>\n<td width=\"313\">UR - Ko\u0142o Naukowe Technolog\u00f3w \u017bywno\u015bci \u201eFerment\u201d<\/td>\n<\/tr>\n<tr>\n<td width=\"27\">\n<p style=\"text-align: center;\">76<\/p>\n<\/td>\n<td width=\"313\">UR - Ko\u0142o Naukowe Zr\u00f3wnowa\u017conego Rozwoju<\/td>\n<\/tr>\n<tr>\n<td width=\"27\">\n<p style=\"text-align: center;\">77<\/p>\n<\/td>\n<td width=\"313\">Zesp\u00f3l Szk\u00f3\u0142 Naftowo-Gazowniczych im. I \u0141ukasiewicza w Kro\u015bnie<\/td>\n<\/tr>\n<tr>\n<td width=\"27\">\n<p style=\"text-align: center;\">78<\/p>\n<\/td>\n<td width=\"313\">Zesp\u00f3\u0142 Szkolno-Przedszkolny Nr 10 w Rzeszowie<\/td>\n<\/tr>\n<tr>\n<td width=\"27\">\n<p style=\"text-align: center;\">79<\/p>\n<\/td>\n<td width=\"313\">Zesp\u00f3\u0142 Szkolno-Przedszkolny w Stobiernej - KMO Milionerzy<\/td>\n<\/tr>\n<tr>\n<td width=\"27\">\n<p style=\"text-align: center;\">80<\/p>\n<\/td>\n<td width=\"313\">Zesp\u00f3\u0142 Szk\u00f3\u0142 Ekonomicznych w Rzeszowie - KMO Kopernikus<\/td>\n<\/tr>\n<tr>\n<td width=\"27\">\n<p style=\"text-align: center;\">81<\/p>\n<\/td>\n<td width=\"313\">Zesp\u00f3\u0142 Szk\u00f3\u0142 Elektronicznych w Rzeszowie<\/td>\n<\/tr>\n<tr>\n<td width=\"27\">\n<p style=\"text-align: center;\">82<\/p>\n<\/td>\n<td width=\"313\">Zesp\u00f3\u0142 Szk\u00f3\u0142 Energetycznych w Rzeszowie<\/td>\n<\/tr>\n<tr>\n<td width=\"27\">\n<p style=\"text-align: center;\">83<\/p>\n<\/td>\n<td width=\"313\">Zesp\u00f3\u0142 Szk\u00f3\u0142 Technicznych im. Eugeniusza Kwiatkowskiego w Rzeszowie<\/td>\n<\/tr>\n<\/tbody>\n<\/table>\n<p><span style=\"font-size: 1rem;\"><span style=\"font-size: 1rem;\"><span style=\"font-size: 1rem;\">Obja\u015bnienia:<br \/>\n<\/span><\/span><\/span>KMO \u2013 Klub M\u0142odego Odkrywcy,<br \/>\nPRz \u2013 Politechnika Rzeszowska im. I \u0141ukasiewicza<br \/>\nUR \u2013 Uniwersytet Rzeszowski<\/p>\n<hr>\n<p style=\"text-align: center;\"><img loading=\"lazy\" decoding=\"async\" class=\"alignnone wp-image-1153 size-full\" src=\"https:\/\/www.pikniknauki.ur.edu.pl\/wp-content\/uploads\/2022\/07\/baner-na-www-ze-wszystkimi-logotypami-scaled.jpg\" alt=\"\" width=\"2560\" height=\"1539\" srcset=\"https:\/\/www.pikniknauki.ur.edu.pl\/wp-content\/uploads\/2022\/07\/baner-na-www-ze-wszystkimi-logotypami-scaled.jpg 2560w, https:\/\/www.pikniknauki.ur.edu.pl\/wp-content\/uploads\/2022\/07\/baner-na-www-ze-wszystkimi-logotypami-300x180.jpg 300w, https:\/\/www.pikniknauki.ur.edu.pl\/wp-content\/uploads\/2022\/07\/baner-na-www-ze-wszystkimi-logotypami-1024x616.jpg 1024w, https:\/\/www.pikniknauki.ur.edu.pl\/wp-content\/uploads\/2022\/07\/baner-na-www-ze-wszystkimi-logotypami-768x462.jpg 768w, https:\/\/www.pikniknauki.ur.edu.pl\/wp-content\/uploads\/2022\/07\/baner-na-www-ze-wszystkimi-logotypami-1536x924.jpg 1536w, https:\/\/www.pikniknauki.ur.edu.pl\/wp-content\/uploads\/2022\/07\/baner-na-www-ze-wszystkimi-logotypami-2048x1231.jpg 2048w, https:\/\/www.pikniknauki.ur.edu.pl\/wp-content\/uploads\/2022\/07\/baner-na-www-ze-wszystkimi-logotypami-960x577.jpg 960w\" sizes=\"auto, (max-width: 2560px) 100vw, 2560px\" \/><\/p>\n","protected":false},"excerpt":{"rendered":"<p>1 Archiwum Pa\u0144stwowe w Rzeszowie 2 BioCentrum Edukacji Naukowej 3 Centralne Wojskowe Centrum Rekrutacji - Oddzia\u0142 w Rzeszowie 4 Centrum Edukacji Lotniczej Krak\u00f3w Airport 5 Centrum Kszta\u0142cenia Praktycznego i Doskonalenia Nauczycieli w Mielcu 6 DPS Software Sp. z o.o. 7 Fundacja Koi Koi 8 Fundacja Wspierania Edukacji przy Stowarzyszeniu Dolina Lotnicza 9 Grupa Rekonstrukcji Historycznej <a href=\"https:\/\/www.pikniknauki.ur.edu.pl\/index.php\/historia-2010-2021\/pne-2022\/lista-uczestnikow-pne-2022\/\" class=\"more-link\">Czytaj dalej...<span class=\"screen-reader-text\"> \"Lista Uczestnik\u00f3w PNE 2022\"<\/span><\/a><\/p>\n","protected":false},"author":1,"featured_media":0,"parent":966,"menu_order":0,"comment_status":"closed","ping_status":"closed","template":"page-templates\/full-width.php","meta":{"footnotes":""},"class_list":["post-1075","page","type-page","status-publish","h-entry","hentry","h-as-page"],"_links":{"self":[{"href":"https:\/\/www.pikniknauki.ur.edu.pl\/index.php\/wp-json\/wp\/v2\/pages\/1075","targetHints":{"allow":["GET"]}}],"collection":[{"href":"https:\/\/www.pikniknauki.ur.edu.pl\/index.php\/wp-json\/wp\/v2\/pages"}],"about":[{"href":"https:\/\/www.pikniknauki.ur.edu.pl\/index.php\/wp-json\/wp\/v2\/types\/page"}],"author":[{"embeddable":true,"href":"https:\/\/www.pikniknauki.ur.edu.pl\/index.php\/wp-json\/wp\/v2\/users\/1"}],"replies":[{"embeddable":true,"href":"https:\/\/www.pikniknauki.ur.edu.pl\/index.php\/wp-json\/wp\/v2\/comments?post=1075"}],"version-history":[{"count":22,"href":"https:\/\/www.pikniknauki.ur.edu.pl\/index.php\/wp-json\/wp\/v2\/pages\/1075\/revisions"}],"predecessor-version":[{"id":1188,"href":"https:\/\/www.pikniknauki.ur.edu.pl\/index.php\/wp-json\/wp\/v2\/pages\/1075\/revisions\/1188"}],"up":[{"embeddable":true,"href":"https:\/\/www.pikniknauki.ur.edu.pl\/index.php\/wp-json\/wp\/v2\/pages\/966"}],"wp:attachment":[{"href":"https:\/\/www.pikniknauki.ur.edu.pl\/index.php\/wp-json\/wp\/v2\/media?parent=1075"}],"curies":[{"name":"wp","href":"https:\/\/api.w.org\/{rel}","templated":true}]}}